{"id":2245,"date":"2023-09-18T11:37:05","date_gmt":"2023-09-18T11:37:05","guid":{"rendered":"https:\/\/18.153.240.234\/?post_type=publicaciones&#038;p=2245"},"modified":"2023-11-09T08:47:02","modified_gmt":"2023-11-09T08:47:02","slug":"ferret-t-orobitg-c-porredon-n-salas-seoane-n-subirana-i-2021-la-funcion-de-la-contencion-en-la-adolescencia-en-tiempos-de-pandemia-temas-de-psicoanalisis","status":"publish","type":"publicaciones","link":"https:\/\/www.scienceforchange.eu\/publicaciones\/ferret-t-orobitg-c-porredon-n-salas-seoane-n-subirana-i-2021-la-funcion-de-la-contencion-en-la-adolescencia-en-tiempos-de-pandemia-temas-de-psicoanalisis\/","title":{"rendered":"Ferret, T., Orobitg, C., Porredon, N., Salas Seoane, N., Subirana, I. (2021) La funci\u00f3n de la contenci\u00f3n en la adolescencia en tiempos de pandemia. Temas de Psicoan\u00e1lisis."},"content":{"rendered":"","protected":false},"author":12,"featured_media":0,"menu_order":0,"template":"","meta":{"inline_featured_image":false},"categories":[23],"tags":[],"acf":[],"_links":{"self":[{"href":"https:\/\/www.scienceforchange.eu\/en\/wp-json\/wp\/v2\/publicaciones\/2245"}],"collection":[{"href":"https:\/\/www.scienceforchange.eu\/en\/wp-json\/wp\/v2\/publicaciones"}],"about":[{"href":"https:\/\/www.scienceforchange.eu\/en\/wp-json\/wp\/v2\/types\/publicaciones"}],"author":[{"embeddable":true,"href":"https:\/\/www.scienceforchange.eu\/en\/wp-json\/wp\/v2\/users\/12"}],"wp:attachment":[{"href":"https:\/\/www.scienceforchange.eu\/en\/wp-json\/wp\/v2\/media?parent=2245"}],"wp:term":[{"taxonomy":"category","embeddable":true,"href":"https:\/\/www.scienceforchange.eu\/en\/wp-json\/wp\/v2\/categories?post=2245"},{"taxonomy":"post_tag","embeddable":true,"href":"https:\/\/www.scienceforchange.eu\/en\/wp-json\/wp\/v2\/tags?post=2245"}],"curies":[{"name":"wp","href":"https:\/\/api.w.org\/{rel}","templated":true}]}}

Ferret, T., Orobitg, C., Porredon, N., Salas Seoane, N., Subirana, I. (2021) La función de la contención en la adolescencia en tiempos de pandemia. Temas de Psicoanálisis.
